s 22601987 a composite number?
False
Is 82659277 prime?
False
Is 24939575207 prime?
True
Is 43088603 composite?
False
Is 12428598239 a prime number?
False
Is 571620041 composite?
False
Is 179689339 a prime number?
True
Is 38812229567 composite?
True
Is 616556683 a prime number?
True
Is 8762650577 a composite number?
True
Is 305233883 prime?
True
Is 13450408507 a composite number?
False
Is 2983761841 a composite number?
False
Is 827041511 composite?
False
Is 925730821 composite?
True
Is 2092472497 composite?
False
Is 5663382337 a prime number?
False
Is 8450382881 composite?
False
Is 2544619249 a prime number?
False
Is 4376464531 prime?
False
Is 58630091093 a composite number?
True
Is 1512216401 a prime number?
False
Is 4407892603 a prime number?
False
Is 17662729789 a composite number?
False
Is 138308385697 prime?
True
Is 25104231149 prime?
False
Is 794774413 composite?
False
Is 7074454957 a prime number?
True
Is 38189715701 a prime number?
True
Is 53281454467 a composite number?
False
Is 7778743309 a composite number?
False
Is 9002943141 a composite number?
True
Is 16836402367 a prime number?
True
Is 1083740257 a prime number?
False
Is 16467083207 prime?
True
Is 11038653673 a prime number?
False
Is 108706998419 composite?
False
Is 2387144941 prime?
True
Is 27017311 a composite number?
False
Is 9955405393 a prime number?
True
Is 16103067167 prime?
False
Is 5373864439 composite?
False
Is 12212626529 a prime number?
False
Is 289586413 a composite number?
False
Is 217303915 prime?
False
Is 131624219 prime?
False
Is 1256247779 a composite number?
True
Is 8364177527 a prime number?
True
Is 55615164419 composite?
False
Is 165555739 prime?
True
Is 10064077789 a composite number?
True
Is 587691809 prime?
False
Is 6513674309 prime?
True
Is 3291460761 a composite number?
True
Is 29175331 a composite number?
False
Is 22202543 a composite number?
True
Is 86319265601 prime?
True
Is 622161017 composite?
True
Is 405943253 a composite number?
False
Is 3766387 a composite number?
False
Is 1229725349 a composite number?
True
Is 421208537 a composite number?
True
Is 56625507319 prime?
True
Is 11406867271 a composite number?
False
Is 22534181063 a composite number?
False
Is 461543153 a composite number?
False
Is 28004848747 a prime number?
True
Is 6279505213 composite?
True
Is 35060577779 composite?
True
Is 2124594521 prime?
False
Is 86343919 composite?
True
Is 45311179013 a prime number?
True
Is 61148677 prime?
False
Is 29468120137 composite?
False
Is 335298647 prime?
False
Is 251137361 prime?
False
Is 78053852879 a composite number?
True
Is 5243430883 a composite number?
True
Is 51390439909 prime?
True
Is 1540604213 a prime number?
False
Is 3598979869 a prime number?
True
Is 11009873447 prime?
False
Is 3302219377 prime?
True
Is 167379085311 a composite number?
True
Is 42515281 a composite number?
True
Is 21073522565 prime?
False
Is 102993716473 prime?
True
Is 1759158371 prime?
False
Is 12118933441 prime?
False
Is 1601568739 a prime number?
False
Is 11119359253 prime?
False
Is 21686843 a composite number?
True
Is 40805744405 composite?
True
Is 1696214981 a composite number?
False
Is 799020631 prime?
True
Is 2346328277 composite?
True
Is 15021375209 a composite number?
True
Is 190536321 composite?
True
Is 18489684203 a composite number?
True
Is 7610094851 a prime number?
True
Is 702418133 a prime number?
True
Is 3463253179 a composite number?
False
Is 3073989181 a composite number?
True
Is 16321606241 prime?
False
Is 3242640797 a prime number?
False
Is 59689507 a prime number?
False
Is 29952686451 prime?
False
Is 131857894307 a prime number?
False
Is 6306087751 a prime number?
True
Is 10291102247 a composite number?
True
Is 19210254391 prime?
False
Is 6023969429 composite?
True
Is 40555607 a prime number?
True
Is 148321213 a prime number?
False
Is 127512841 prime?
False
Is 71290553209 a composite number?
True
Is 53188430941 prime?
True
Is 494502389 a prime number?
True
Is 150882308599 a composite number?
True
Is 1479582379 a prime number?
False
Is 1200723017 a composite number?
True
Is 2200880251 prime?
True
Is 56630656553 a composite number?
False
Is 39230822 prime?
False
Is 150753236783 a prime number?
True
Is 54342361033 prime?
True
Is 36627541567 a prime number?
True
Is 137515942745 a composite number?
True
Is 10601740147 a composite number?
True
Is 44636074477 prime?
True
Is 164761291 a prime number?
False
Is 4981119947 a prime number?
False
Is 5716361311 composite?
False
Is 41680726519 a prime number?
False
Is 25078933661 a prime number?
False
Is 2272093781 composite?
False
Is 35677631021 prime?
True
Is 5198458021 a prime number?
True
Is 93879330379 composite?
False
Is 48900558901 composite?
True
Is 26668657669 composite?
True
Is 72171905231 composite?
False
Is 11869847009 composite?
False
Is 7774332431 composite?
False
Is 1580808077 composite?
True
Is 9446058541 prime?
True
Is 7860532222 composite?
True
Is 340277959 a prime number?
False
Is 43503366037 composite?
False
Is 238558751 prime?
False
Is 6804000913 a composite number?
False
Is 58186287011 a prime number?
False
Is 7912102793 prime?
False
Is 35487167281 composite?
False
Is 9647478311 prime?
True
Is 79311293 a composite number?
False
Is 3532029167 composite?
True
Is 3939217351 prime?
False
Is 7519076143 a composite number?
False
Is 198107873 a composite number?
False
Is 49918837 prime?
True
Is 55719020015 a composite number?
True
Is 11437232717 a composite number?
False
Is 4938894427 a prime number?
True
Is 420788561 composite?
False
Is 6114504349 prime?
True
Is 1054038001 composite?
True
Is 42612599 a composite number?
False
Is 6525491377 a prime number?
True
Is 2788418537 a composite number?
True
Is 3111522893 a prime number?
True
Is 1454352637 a composite number?
False
Is 699588635 composite?
True
Is 17918805379 prime?
True
Is 1303536669 a prime number?
False
Is 369046113 composite?
True
Is 16539085711 composite?
False
Is 1203372977 prime?
False
Is 525340919 prime?
False
Is 6589394681 a composite number?
False
Is 580982711 a composite number?
False
Is 43779758761 composite?
True
Is 265555853 a composite number?
True
Is 239447909 a prime number?
False
Is 14355384367 prime?
False
Is 2203878083 a prime number?
False
Is 681265787 a prime number?
False
Is 40848830849 prime?
False
Is 220578301 prime?
True
Is 2537151805 a prime number?
False
Is 42759906329 a composite number?
True
Is 244308362251 a composite number?
True
Is 3331269223 a composite number?
True
Is 27257390059 a composite number?
True
Is 3555747005 a composite number?
True
Is 656925523 prime?
False
Is 12991261417 a prime number?
True
Is 4286821387 prime?
True
Is 15739484927 a prime number?
True
Is 27963447331 prime?
False
Is 6619669991 a prime number?
False
Is 288066419 prime?
False
Is 13791583153 a composite number?
False
Is 13619315891 a composite number?
False
Is 698387065301 composite?
True
Is 929799601 prime?
False
Is 75982090783 composite?
False
Is 33824847899 prime?
True
Is 3000802967 a composite number?
False
Is 1626234881 prime?
False
Is 2780145709 prime?
False
Is 7711324571 a composite number?
False
Is 29942690897 a composite number?
True
Is 3287746967 a composite number?
True
Is 96463909643 prime?
False
Is 10033368685 a composite number?
True
Is 23426862457 prime?
True
Is 451877353 a composite number?
False
Is 25532621 composite?
False
Is 11000805479 a prime number?
False
Is 601686037 a composite number?
True
Is 2041382479 prime?
True
Is 104221963 a composite number?
False
Is 1314373861 prime?
True
Is 179223118169 a composite number?
False
Is 19550410207 a composite number?
False
Is 10021269749 prime?
True
Is 195031855 a prime number?
False
Is 1170113387 composite?
False
Is 939663127 prime?
False
Is 31749438209 composite?
False
Is 4368706133 a composite number?
True
Is 825877517 prime?
True
Is 12334052149 a composite number?
False
Is 408342274 composite?
True
Is 85587140309 composite?
True
Is 788480747 prime?
False
Is 982426493 prime?
True
Is 2492733323 prime?
True
Is 22471107833 a prime number?
False
Is 81754556381 a prime number?
True
Is 62333629769 a composite number?
False
Is 15917176423 composite?
False
Is 2016598217 a composite number?
True
Is 435651341 a prime number?
True
Is 4400703173 a prime number?
True
Is 1567490